 = -932*i - 66177. What is s(-71)?
-5
Let g(t) = 3*t**3 + 5*t**2 - 18*t + 113. Determine g(4).
313
Let r(k) = -59353*k - 178063. Calculate r(-3).
-4
Let q(y) = -11*y - 159. Calculate q(27).
-456
Let l(o) = -2*o**2 - 58*o + 289. What is l(6)?
-131
Let g(q) = 45*q**3 - 2*q**2 - 2*q - 1. Give g(-1).
-46
Let j(q) = 949*q + 5712. Determine j(-6).
18
Let f(p) = -26*p + 25. Calculate f(2).
-27
Let h(u) = -2*u**2 + 64*u - 32. Give h(0).
-32
Let p(b) = -3*b**3 + 44*b**2 + 57*b - 1185. Calculate p(14).
5
Let h(k) = -2*k**2 + 42*k - 215. Calculate h(12).
1
Let o(p) = -279*p**2 - 1395*p + 7. Determine o(-5).
7
Let v(q) = -4*q + 158. Calculate v(7).
130
Let q(f) = -f**3 + 19*f**2 - 13*f - 49. Give q(18).
41
Let s(b) = b**3 - 29*b**2 - 60*b - 9. Give s(31).
53
Let n(i) = -5*i**2 - 70*i + 189. Calculate n(3).
-66
Let d(f) = -f**3 - 167*f**2 - 990*f - 3867. What is d(-161)?
-3
Let f(b) = b**3 - 26*b**2 + b + 74. Give f(23).
-1490
Let p(l) = -12922*l + 129227. Determine p(10).
7
Let c(s) = -10*s**2 + 310*s - 571. What is c(29)?
9
Let t(f) = f**3 - 23*f**2 + 132*f - 749. Give t(18).
7
Let z(c) = 267*c - 2131. Give z(8).
5
Let d(u) = u**3 + 113*u**2 + 14*u + 1594. Determine d(-113).
12
Let z(k) = -553*k - 2222. Calculate z(-4).
-10
Let r(h) = -4*h**2 + 322*h - 6453. Give r(43).
-3
Let o(x) = -x**2 - 27*x + 8378. Determine o(-106).
4
Let c(i) = -2*i**3 + 25*i**2 - 53*i + 79. Give c(10).
49
Let v(o) = -5*o**2 + 85*o - 243. Give v(14).
-33
Let c(j) = -273*j - 820. Determine c(-3).
-1
Let o(j) = 2*j**3 + 45*j**2 + 37*j + 339. Give o(-22).
9
Let u(q) = 2*q**3 - 10*q**2 - 13*q + 7. Determine u(-2).
-23
Let n(s) = -s**3 + 124*s**2 - 119*s - 387. What is n(123)?
105
Let d(u) = 2*u**2 - 62*u + 479. What is d(17)?
3
Let g(o) = -526*o + 7893. Calculate g(15).
3
Let l(y) = -148*y**2 - 1334*y - 1. What is l(-9)?
17
Let n(y) = 41*y - 3300. Calculate n(76).
-184
Let j(a) = -65*a - 572. Give j(-6).
-182
Let b(z) = -z**2 - 28*z - 41. Determine b(-28).
-41
Let h(r) = -r**3 - 104*r**2 - 941*r - 13. Give h(-10).
-3
Let u(w) = w**3 - 16*w**2 + 39*w - 55. What is u(10)?
-265
Let n(k) = k**3 + 10*k**2 + 13*k. Give n(-7).
56
Let s(x) = -2*x**2 - 28*x - 5. Determine s(-14).
-5
Let t(c) = c**3 + 14*c**2 + 48*c + 14. Determine t(-11).
-151
Let h(k) = -459*k**2 - 215*k + 216. Calculate h(1).
-458
Let p(c) = -c**3 + 83*c**2 - 534*c - 6. Calculate p(7).
-20
Let u(w) = 40*w - 1765. What is u(44)?
-5
Let n(y) = y**3 + 16*y**2 + 12*y - 90. Determine n(-11).
383
Let l(y) = y**3 - 14*y**2 + 12*y - 402. Give l(15).
3
Let x(q) = 164*q**2 + 1068*q + 509. Calculate x(-6).
5
Let q(d) = d**2 + 1813*d + 14472. Calculate q(-8).
32
Let g(n) = -333*n - 14213. What is g(-43)?
106
Let s(f) = -f**2 - 14*f - 44. Give s(-21).
-191
Let z(f) = 3*f + 45. Calculate z(5).
60
Let x(t) = t**2 - 214*t + 8758. Determine x(159).
13
Let g(f) = f**2 - 83*f + 1580. Determine g(29).
14
Let t(c) = -c**3 - 83*c**2 - 595*c + 386. Calculate t(-75).
11
Let s(f) = 1022*f - 15459. Calculate s(15).
-129
Let t(d) = -248*d + 21323. Give t(86).
-5
Let r(m) = 5*m**2 - 1876*m - 3395. What is r(377)?
-2
Let f(m) = -4*m**2 + 35*m + 273. Determine f(11).
174
Let z(a) = 7*a**3 + 18*a**2 + 8*a + 14. Give z(-6).
-898
Let h(y) = 2*y**2 + 87*y - 145. What is h(-45)?
-10
Let d(b) = b**3 + 132*b + 7. What is d(0)?
7
Let r(c) = -169*c + 2. Give r(1).
-167
Let p(q) = 27*q - 75. What is p(4)?
33
Let l(b) = 2*b**2 - 35*b + 440. Determine l(10).
290
Let f(z) = -z**2 - 35*z - 72. Determine f(-5).
78
Let l(j) = -2*j**3 - 5*j**2 + 3*j + 1. Calculate l(-3).
1
Let q(s) = 43*s + 6191. Give q(-144).
-1
Let v(l) = 2*l**2 + 33*l + 210. What is v(-9)?
75
Let u(x) = 19*x + 21. Calculate u(-3).
-36
Let s(l) = l**3 + 18*l**2 + l + 195. Give s(-18).
177
Let l(c) = -21*c**2 - 232*c - 624. What is l(-5)?
11
Let v(h) = 211*h + 884. Calculate v(-7).
-593
Let f(u) = 2*u + 454. Give f(56).
566
Let f(a) = 78*a**2 - 311*a + 7. What is f(4)?
11
Let z(a) = -3*a**2 + 51*a - 162. Determine z(21).
-414
Let t(d) = 81*d**3 - 249*d**2 + 7*d + 13. Determine t(3).
-20
Let b(s) = s**3 - 12*s**2 + 14*s + 31. Give b(11).
64
Let p(z) = -503*z - 3009. Calculate p(-6).
9
Let g(w) = 13*w - 1132. Calculate g(40).
-612
Let x(z) = z**2 + 2*z - 79. Determine x(-13).
64
Let j(k) = -k**2 - 221*k + 2311. What is j(10)?
1
Let n(x) = 21*x - 193. What is n(-7)?
-340
Let o(y) = -y**3 - 25*y**2 - 107*y - 481. What is o(-21)?
2
Let b(d) = -8580*d + 51495. Calculate b(6).
15
Let w(i) = 4*i + 4. Give w(5).
24
Let x(u) = 2*u**2 - 364*u - 4669. Calculate x(194).
-13
Let i(t) = -2*t**3 + 24*t**2 + 9*t - 37. What is i(12)?
71
Let q(b) = -b**3 - 2*b**2 + 76*b + 748. Calculate q(-8).
524
Let c(o) = -115*o + 1270. What is c(11)?
5
Let t(r) = 33*r - 19. Calculate t(7).
212
Let i(h) = 14*h**2 - 87*h + 10. What is i(7)?
87
Let b(s) = 23*s - 181. What is b(7)?
-20
Let k(h) = -h**3 - 10*h**2 - 937*h - 8347. Determine k(-9).
5
Let j(y) = y**3 - 17*y**2 + 40*y + 90. Give j(14).
62
Let k(t) = t**2 + 12*t - 175. Determine k(8).
-15
Let m(k) = -42*k - 4667. Give m(-111).
-5
Let c(q) = -4*q**2 - 40*q + 285. Calculate c(6).
-99
Let j(v) = -13*v + 470. What is j(49)?
-167
Let h(n) = 907*n + 81623. Determine h(-90).
-7
Let n(f) = -f**3 - 30*f**2 + 34*f - 63. Calculate n(-31).
-156
Let s(z) = 10*z**2 + 82*z + 157. Calculate s(-3).
1
Let x(c) = -20*c**3 + 2*c**2 - 4*c + 3. Determine x(1).
-19
Let y(u) = -891*u + 4451. Calculate y(5).
-4
Let t(p) = -p**3 - 35*p**2 + 169*p + 6899. Calculate t(-34).
-3
Let r(o) = o**3 + 25*o**2 - 29*o - 63. What is r(-26)?
15
Let z(q) = -17*q + 159. Determine z(34).
-419
Let f(s) = -3*s**3 - 8*s**2 - 11*s + 1. Calculate f(-2).
15
Let v(k) = 7*k**2 - 18*k - 21. Give v(-6).
339
Let t(f) = -f**3 + 2*f**2 + 31*f + 37. Calculate t(-4).
9
Let q(u) = -609*u - 34711. Calculate q(-57).
2
Let b(h) = -4*h**2 - 93*h - 370. Determine b(-18).
8
Let q(s) = 1416*s - 5605. What is q(4)?
59
Let w(u) = 85*u - 3205. Calculate w(36).
-145
Let y(w) = -16*w + 41. Give y(23).
-327
Let s(c) = -c**2 - 32*c - 90. Give s(-35).
-195
Let y(l) = 65*l + 88. Calculate y(0).
88
Let s(u) = -17*u + 261. Give s(15).
6
Let w(j) = 2*j**2 + 2*j + 99. Determine w(-12).
363
Let f(z) = 106*z - 211. Calculate f(-9).
-1165
Let r(n) = -3*n**2 - 15*n - 75. Determine r(-5).
-75
Let o(b) = -8*b - 303. Give o(-45).
57
Let y(x) = x**3 - 42*x**2 - 75*x - 153. What is y(44)?
419
Let w(d) = d**2 - 60*d + 814. Determine w(21).
-5
Let m(i) = -i**3 + 51*i**2 - 194*i + 2404. Determine m(48).
4
Let v(x) = x**3 + 85*x**2 + 128*x + 3692. Give v(-84).
-4
Let i(j) = -j**2 - 9*j + 237. Determine i(11).
17
Let d(u) = -u**3 + 30*u**2 - 130*u + 29. What is d(5)?
4
Let v(n) = -74*n**2 + 3. Give v(1).
-71
Let q(j) = 2*j**2 - 21*j + 41. Give q(9).
14
Let g(d) = 365*d - 4385. Calculate g(12).
-5
Let h(v) = v - 112. Give h(15).
-97
Let x(r) = -3036*r - 18221. Determine x(-6).
-5
Let j(n) = -168*n - 11614. Determine j(-69).
-22
Let j(k) = -k**2 - 27*k + 171. What is j(-35)?
-109
Let h(n) = n**3 + 63*n**2 + 11*n - 102. Calculate h(-63).
-795
Let a(i) = i**3 + 132*i**2 + 394*i + 920. What is a(-129)?
17
Let v(j) = -2*j**3 + 18*j**2 - 26*j + 171. What is v(9)?
-63
Let g(m) = -m**2 + 920*m + 15910. What is g(-17)?
-19
Let s(i) = 2*i**3 + 167*i**2 + 76*i - 9. What is s(-83)?
572
Let w(i) = i**3 + 8*i**2 - 34*i - 9. Give w(3).
-12
Let w(h) = 3*h**3 + 26*h**2 + 17*h + 9. Calculate w(-8).
1
Let x(q) = 295*q + 2369. Determine x(-8).
9
Let o(a) = -1470*a - 1469. Determine o(-1).
1
Let h(o) = -492*o + 139232. Calculate h(283).
-4
Let h(p) = -15*p**3 + 6*p**2 - 45*p + 40. Calculate h(1).
-14
Let b(n) = -178*n - 1152. Give b(-6).
-84
Let d(f) = -55*f - 502. Give d(-8).
-62
Let c(t) = -41*t**2 - 58*t + 41. Calculate c(-2).
-7
Let c(o) = -688*o + 2072. Give c(3).
8
Let v(w) = -13*w - 132. What is v(-6)?
-54
Let y(n) = 4*n**3 + 2*n**2 - 6*n - 25. Determine y(-2).
-37
Let f(u) = -12*u**2 + 46*u + 38. Calculate f(8).
-362
Let v(x) = -x**3 + 60*x**2 + 234*x - 2844. Calculate v(63).
-9
Let b(j) = -15*j**3 + j**2 + 9*j - 12. What is b(1)?
-17
Let g(o) = 19*o**2 + 114*o + 228. Give g(-2).
76
Let p(k) = k**3 - 36*k**2 + 63*k + 709. Determine p(6).
7
Let w(c) = -c**3 - 71*c**2 - 664*c - 29. What is w(-11)?
15
Let i(b) = 22*b**2 - 1367*b + 195. What is i(62)?
9
Let b(j) = -145*j - 516. Wh